[INFO] fetching crate xwasm-utils 0.6.2...
[INFO] checking xwasm-utils-0.6.2 against try#72f88fc4e9458f89516a0b8b0868f3718aec5b47 for pr-74989
[INFO] extracting crate xwasm-utils 0.6.2 into /workspace/builds/worker-1/source
[INFO] validating manifest of crates.io crate xwasm-utils 0.6.2 on toolchain 72f88fc4e9458f89516a0b8b0868f3718aec5b47
[INFO] running `Command { std: "/workspace/cargo-home/bin/cargo" "+72f88fc4e9458f89516a0b8b0868f3718aec5b47" "read-manifest" "--manifest-path" "Cargo.toml", kill_on_drop: false }`
[INFO] started tweaking crates.io crate xwasm-utils 0.6.2
[INFO] finished tweaking crates.io crate xwasm-utils 0.6.2
[INFO] tweaked toml for crates.io crate xwasm-utils 0.6.2 written to /workspace/builds/worker-1/source/Cargo.toml
[INFO] running `Command { std: "/workspace/cargo-home/bin/cargo" "+72f88fc4e9458f89516a0b8b0868f3718aec5b47" "generate-lockfile" "--manifest-path" "Cargo.toml" "-Zno-index-update", kill_on_drop: false }`
[INFO] running `Command { std: "/workspace/cargo-home/bin/cargo" "+72f88fc4e9458f89516a0b8b0868f3718aec5b47" "fetch" "--locked" "--manifest-path" "Cargo.toml", kill_on_drop: false }`
[INFO] [stderr]  Downloading crates ...
[INFO] [stderr]   Downloaded wabt v0.2.2
[INFO] [stderr]   Downloaded wabt-sys v0.1.4
[INFO] running `Command { std: "docker" "create" "-v" "/var/lib/crater-agent-workspace/builds/worker-1/target:/opt/rustwide/target:rw,Z" "-v" "/var/lib/crater-agent-workspace/builds/worker-1/source:/opt/rustwide/workdir:ro,Z" "-v" "/var/lib/crater-agent-workspace/cargo-home:/opt/rustwide/cargo-home:ro,Z" "-v" "/var/lib/crater-agent-workspace/rustup-home:/opt/rustwide/rustup-home:ro,Z" "-e" "SOURCE_DIR=/opt/rustwide/workdir" "-e" "CARGO_TARGET_DIR=/opt/rustwide/target" "-e" "CARGO_HOME=/opt/rustwide/cargo-home" "-e" "RUSTUP_HOME=/opt/rustwide/rustup-home" "-w" "/opt/rustwide/workdir" "-m" "1610612736" "--user" "0:0" "--network" "none" "rustops/crates-build-env@sha256:d92eaeed33fa75130ca1ee6c8a01d1ffb62bac859dfdfb3450e3e5d1c0146529" "/opt/rustwide/cargo-home/bin/cargo" "+72f88fc4e9458f89516a0b8b0868f3718aec5b47" "metadata" "--no-deps" "--format-version=1", kill_on_drop: false }`
[INFO] [stdout] 10482fcbdf1e78bf0b5b6cf988b14791dc4a41972d7978efa503138c0fd065e9
[INFO] [stderr] WARNING: Your kernel does not support swap limit capabilities or the cgroup is not mounted. Memory limited without swap.
[INFO] running `Command { std: "docker" "start" "-a" "10482fcbdf1e78bf0b5b6cf988b14791dc4a41972d7978efa503138c0fd065e9", kill_on_drop: false }`
[INFO] running `Command { std: "docker" "inspect" "10482fcbdf1e78bf0b5b6cf988b14791dc4a41972d7978efa503138c0fd065e9", kill_on_drop: false }`
[INFO] running `Command { std: "docker" "rm" "-f" "10482fcbdf1e78bf0b5b6cf988b14791dc4a41972d7978efa503138c0fd065e9", kill_on_drop: false }`
[INFO] [stdout] 10482fcbdf1e78bf0b5b6cf988b14791dc4a41972d7978efa503138c0fd065e9
[INFO] running `Command { std: "docker" "create" "-v" "/var/lib/crater-agent-workspace/builds/worker-1/target:/opt/rustwide/target:rw,Z" "-v" "/var/lib/crater-agent-workspace/builds/worker-1/source:/opt/rustwide/workdir:ro,Z" "-v" "/var/lib/crater-agent-workspace/cargo-home:/opt/rustwide/cargo-home:ro,Z" "-v" "/var/lib/crater-agent-workspace/rustup-home:/opt/rustwide/rustup-home:ro,Z" "-e" "SOURCE_DIR=/opt/rustwide/workdir" "-e" "CARGO_TARGET_DIR=/opt/rustwide/target" "-e" "CARGO_INCREMENTAL=0" "-e" "RUST_BACKTRACE=full" "-e" "RUSTFLAGS=--cap-lints=forbid" "-e" "CARGO_HOME=/opt/rustwide/cargo-home" "-e" "RUSTUP_HOME=/opt/rustwide/rustup-home" "-w" "/opt/rustwide/workdir" "-m" "1610612736" "--user" "0:0" "--network" "none" "rustops/crates-build-env@sha256:d92eaeed33fa75130ca1ee6c8a01d1ffb62bac859dfdfb3450e3e5d1c0146529" "/opt/rustwide/cargo-home/bin/cargo" "+72f88fc4e9458f89516a0b8b0868f3718aec5b47" "check" "--frozen" "--all" "--all-targets" "--message-format=json", kill_on_drop: false }`
[INFO] [stdout] 50fc0f62d0c5b639b5f49f78f83f12018d3c25eee117ce055610f45b05647b03
[INFO] [stderr] WARNING: Your kernel does not support swap limit capabilities or the cgroup is not mounted. Memory limited without swap.
[INFO] running `Command { std: "docker" "start" "-a" "50fc0f62d0c5b639b5f49f78f83f12018d3c25eee117ce055610f45b05647b03", kill_on_drop: false }`
[INFO] [stderr]    Compiling libc v0.2.77
[INFO] [stderr]    Compiling byteorder v1.3.4
[INFO] [stderr]    Compiling ryu v1.0.5
[INFO] [stderr]    Compiling log v0.4.11
[INFO] [stderr]    Compiling serde_json v1.0.57
[INFO] [stderr]     Checking itoa v0.4.6
[INFO] [stderr]    Compiling unindent v0.1.6
[INFO] [stderr]     Checking diff v0.1.12
[INFO] [stderr]    Compiling cmake v0.1.44
[INFO] [stderr]    Compiling indoc-impl v0.3.6
[INFO] [stderr]    Compiling wabt-sys v0.1.4
[INFO] [stderr]     Checking xwasm v0.31.3
[INFO] [stderr]     Checking indoc v0.3.6
[INFO] [stderr]     Checking rand v0.4.6
[INFO] [stderr]     Checking tempdir v0.3.7
[INFO] [stderr]     Checking xwasm-utils v0.6.2 (/opt/rustwide/workdir)
[INFO] [stdout] warning: variable does not need to be mutable
[INFO] [stdout]    --> src/ref_list.rs:199:7
[INFO] [stdout]     |
[INFO] [stdout] 199 |         for mut entry in self.items.iter_mut() {
[INFO] [stdout]     |             ----^^^^^
[INFO] [stdout]     |             |
[INFO] [stdout]     |             help: remove this `mut`
[INFO] [stdout]     |
[INFO] [stdout]     = note: `#[warn(unused_mut)]` on by default
[INFO] [stdout] 
[INFO] [stdout] 
[INFO] [stdout] warning: variable does not need to be mutable
[INFO] [stdout]    --> src/ref_list.rs:212:8
[INFO] [stdout]     |
[INFO] [stdout] 212 |             let mut detached = self.items.remove(*idx - total_removed);
[INFO] [stdout]     |                 ----^^^^^^^^
[INFO] [stdout]     |                 |
[INFO] [stdout]     |                 help: remove this `mut`
[INFO] [stdout] 
[INFO] [stdout] 
[INFO] [stdout] warning: variable does not need to be mutable
[INFO] [stdout]    --> src/stack_height/mod.rs:236:9
[INFO] [stdout]     |
[INFO] [stdout] 236 |                 let mut opcodes = func_body.code_mut();
[INFO] [stdout]     |                     ----^^^^^^^
[INFO] [stdout]     |                     |
[INFO] [stdout]     |                     help: remove this `mut`
[INFO] [stdout] 
[INFO] [stdout] 
[INFO] [stdout] warning: unused return value of `std::mem::replace` that must be used
[INFO] [stdout]   --> src/optimizer.rs:32:2
[INFO] [stdout]    |
[INFO] [stdout] 32 |     mem::replace(module, module_temp);
[INFO] [stdout]    |     ^^^^^^^^^^^^^^^^^^^^^^^^^^^^^^^^^^
[INFO] [stdout]    |
[INFO] [stdout]    = note: `#[warn(unused_must_use)]` on by default
[INFO] [stdout]    = note: if you don't need the old value, you can just assign the new value directly
[INFO] [stdout] 
[INFO] [stdout] 
[INFO] [stdout] warning: unused return value of `std::mem::replace` that must be used
[INFO] [stdout]    --> src/optimizer.rs:283:8
[INFO] [stdout]     |
[INFO] [stdout] 283 |                             mem::replace(func_name.names_mut(), updated_map);
[INFO] [stdout]     |                             ^^^^^^^^^^^^^^^^^^^^^^^^^^^^^^^^^^^^^^^^^^^^^^^^^
[INFO] [stdout]     |
[INFO] [stdout]     = note: if you don't need the old value, you can just assign the new value directly
[INFO] [stdout] 
[INFO] [stdout] 
[INFO] [stdout] warning: unused return value of `std::mem::replace` that must be used
[INFO] [stdout]    --> src/optimizer.rs:295:8
[INFO] [stdout]     |
[INFO] [stdout] 295 |                             mem::replace(local_name.local_names_mut(), updated_map);
[INFO] [stdout]     |                             ^^^^^^^^^^^^^^^^^^^^^^^^^^^^^^^^^^^^^^^^^^^^^^^^^^^^^^^^
[INFO] [stdout]     |
[INFO] [stdout]     = note: if you don't need the old value, you can just assign the new value directly
[INFO] [stdout] 
[INFO] [stdout] 
[INFO] [stdout] warning: 6 warnings emitted
[INFO] [stdout] 
[INFO] [stdout] 
[INFO] [stderr] error: failed to run custom build command for `wabt-sys v0.1.4`
[INFO] [stderr] 
[INFO] [stderr] Caused by:
[INFO] [stderr]   process didn't exit successfully: `/opt/rustwide/target/debug/build/wabt-sys-05de94871dbd1d36/build-script-build` (exit code: 101)
[INFO] [stderr]   --- stdout
[INFO] [stderr]   running: "cmake" "/opt/rustwide/cargo-home/registry/src/github.com-1ecc6299db9ec823/wabt-sys-0.1.4/wabt" "-DBUILD_TESTS=OFF" "-DCMAKE_INSTALL_PREFIX=/opt/rustwide/target/debug/build/wabt-sys-e9b2e1e81b51f54c/out" "-DCMAKE_C_FLAGS= -ffunction-sections -fdata-sections -fPIC -m64" "-DCMAKE_C_COMPILER=/usr/bin/cc" "-DCMAKE_CXX_FLAGS= -ffunction-sections -fdata-sections -fPIC -m64" "-DCMAKE_CXX_COMPILER=/usr/bin/c++" "-DCMAKE_ASM_FLAGS= -ffunction-sections -fdata-sections -fPIC -m64" "-DCMAKE_ASM_COMPILER=/usr/bin/cc" "-DCMAKE_BUILD_TYPE=Debug"
[INFO] [stderr]   -- The C compiler identification is GNU 9.3.0
[INFO] [stderr]   -- The CXX compiler identification is GNU 9.3.0
[INFO] [stderr]   -- Check for working C compiler: /usr/bin/cc
[INFO] [stderr]   -- Check for working C compiler: /usr/bin/cc -- works
[INFO] [stderr]   -- Detecting C compiler ABI info
[INFO] [stderr]   -- Detecting C compiler ABI info - done
[INFO] [stderr]   -- Detecting C compile features
[INFO] [stderr]   -- Detecting C compile features - done
[INFO] [stderr]   -- Check for working CXX compiler: /usr/bin/c++
[INFO] [stderr]   -- Check for working CXX compiler: /usr/bin/c++ -- works
[INFO] [stderr]   -- Detecting CXX compiler ABI info
[INFO] [stderr]   -- Detecting CXX compiler ABI info - done
[INFO] [stderr]   -- Detecting CXX compile features
[INFO] [stderr]   -- Detecting CXX compile features - done
[INFO] [stderr]   -- Looking for alloca.h
[INFO] [stderr]   -- Looking for alloca.h - found
[INFO] [stderr]   -- Looking for unistd.h
[INFO] [stderr]   -- Looking for unistd.h - found
[INFO] [stderr]   -- Looking for snprintf
[INFO] [stderr]   -- Looking for snprintf - found
[INFO] [stderr]   -- Looking for sysconf
[INFO] [stderr]   -- Looking for sysconf - found
[INFO] [stderr]   -- Looking for strcasecmp
[INFO] [stderr]   -- Looking for strcasecmp - found
[INFO] [stderr]   -- Looking for sys/types.h
[INFO] [stderr]   -- Looking for sys/types.h - found
[INFO] [stderr]   -- Looking for stdint.h
[INFO] [stderr]   -- Looking for stdint.h - found
[INFO] [stderr]   -- Looking for stddef.h
[INFO] [stderr]   -- Looking for stddef.h - found
[INFO] [stderr]   -- Check size of ssize_t
[INFO] [stderr]   -- Check size of ssize_t - done
[INFO] [stderr]   -- Check size of size_t
[INFO] [stderr]   -- Check size of size_t - done
[INFO] [stderr]   -- Found RE2C: /usr/bin/re2c  
[INFO] [stderr]   -- Using generated re2c lexer
[INFO] [stderr]   -- Looking for pthread.h
[INFO] [stderr]   -- Looking for pthread.h - found
[INFO] [stderr]   -- Performing Test CMAKE_HAVE_LIBC_PTHREAD
[INFO] [stderr]   -- Performing Test CMAKE_HAVE_LIBC_PTHREAD - Failed
[INFO] [stderr]   -- Looking for pthread_create in pthreads
[INFO] [stderr]   -- Looking for pthread_create in pthreads - not found
[INFO] [stderr]   -- Looking for pthread_create in pthread
[INFO] [stderr]   -- Looking for pthread_create in pthread - found
[INFO] [stderr]   -- Found Threads: TRUE  
[INFO] [stderr]   -- Found PythonInterp: /usr/bin/python2.7 (found suitable version "2.7.18", minimum required is "2.7") 
[INFO] [stderr]   -- Configuring done
[INFO] [stderr]   -- Generating done
[INFO] [stderr]   -- Build files have been written to: /opt/rustwide/target/debug/build/wabt-sys-e9b2e1e81b51f54c/out/build
[INFO] [stderr]   running: "cmake" "--build" "." "--target" "install" "--config" "Debug" "--"
[INFO] [stderr]   [  1%] [RE2C][WAST_LEXER_GEN_CC] Building lexer with re2c 0.103.0
[INFO] [stderr]   Scanning dependencies of target libwabt
[INFO] [stderr]   [  3%] Building CXX object CMakeFiles/libwabt.dir/src/opcode.cc.o
[INFO] [stderr]   [  4%] Building CXX object CMakeFiles/libwabt.dir/src/error-handler.cc.o
[INFO] [stderr]   [  6%] Building CXX object CMakeFiles/libwabt.dir/src/token.cc.o
[INFO] [stderr]   [  7%] Building CXX object CMakeFiles/libwabt.dir/src/filenames.cc.o
[INFO] [stderr]   [  9%] Building CXX object CMakeFiles/libwabt.dir/src/hash-util.cc.o
[INFO] [stderr]   [ 10%] Building CXX object CMakeFiles/libwabt.dir/src/string-view.cc.o
[INFO] [stderr]   [ 12%] Building CXX object CMakeFiles/libwabt.dir/src/ir.cc.o
[INFO] [stderr]   [ 13%] Building CXX object CMakeFiles/libwabt.dir/src/lexer-source.cc.o
[INFO] [stderr]   [ 15%] Building CXX object CMakeFiles/libwabt.dir/src/expr-visitor.cc.o
[INFO] [stderr]   [ 16%] Building CXX object CMakeFiles/libwabt.dir/src/lexer-source-line-finder.cc.o
[INFO] [stderr]   [ 18%] Building CXX object CMakeFiles/libwabt.dir/src/wast-parser.cc.o
[INFO] [stderr]   [ 19%] Building CXX object CMakeFiles/libwabt.dir/wast-lexer-gen.cc.o
[INFO] [stderr]   [ 21%] Building CXX object CMakeFiles/libwabt.dir/src/wast-parser-lexer-shared.cc.o
[INFO] [stderr]   [ 22%] Building CXX object CMakeFiles/libwabt.dir/src/type-checker.cc.o
[INFO] [stderr]   [ 24%] Building CXX object CMakeFiles/libwabt.dir/src/validator.cc.o
[INFO] [stderr]   [ 25%] Building CXX object CMakeFiles/libwabt.dir/src/binary-reader.cc.o
[INFO] [stderr]   [ 27%] Building CXX object CMakeFiles/libwabt.dir/src/binary-reader-logging.cc.o
[INFO] [stderr]   [ 28%] Building CXX object CMakeFiles/libwabt.dir/src/binary-writer.cc.o
[INFO] [stderr] 
[INFO] [stderr]   --- stderr
[INFO] [stderr]   CMake Warning:
[INFO] [stderr]     Manually-specified variables were not used by the project:
[INFO] [stderr] 
[INFO] [stderr]       CMAKE_ASM_COMPILER
[INFO] [stderr]       CMAKE_ASM_FLAGS
[INFO] [stderr] 
[INFO] [stderr] 
[INFO] [stderr]   /opt/rustwide/cargo-home/registry/src/github.com-1ecc6299db9ec823/wabt-sys-0.1.4/wabt/src/lexer-source.cc: In member function 'virtual std::unique_ptr<wabt::LexerSource> wabt::LexerSourceFile::Clone()':
[INFO] [stderr]   /opt/rustwide/cargo-home/registry/src/github.com-1ecc6299db9ec823/wabt-sys-0.1.4/wabt/src/lexer-source.cc:42:19: error: redundant move in return statement [-Werror=redundant-move]
[INFO] [stderr]      42 |   return std::move(result);
[INFO] [stderr]         |          ~~~~~~~~~^~~~~~~~
[INFO] [stderr]   /opt/rustwide/cargo-home/registry/src/github.com-1ecc6299db9ec823/wabt-sys-0.1.4/wabt/src/lexer-source.cc:42:19: note: remove 'std::move' call
[INFO] [stderr]   cc1plus: all warnings being treated as errors
[INFO] [stderr]   make[2]: *** [CMakeFiles/libwabt.dir/build.make:171: CMakeFiles/libwabt.dir/src/lexer-source.cc.o] Error 1
[INFO] [stderr]   make[2]: *** Waiting for unfinished jobs....
[INFO] [stderr]   make[1]: *** [CMakeFiles/Makefile2:366: CMakeFiles/libwabt.dir/all] Error 2
[INFO] [stderr]   make: *** [Makefile:130: all] Error 2
[INFO] [stderr]   thread 'main' panicked at '
[INFO] [stderr]   command did not execute successfully, got: exit code: 2
[INFO] [stderr] 
[INFO] [stderr]   build script failed, must exit now', /opt/rustwide/cargo-home/registry/src/github.com-1ecc6299db9ec823/cmake-0.1.44/src/lib.rs:885:5
[INFO] [stderr]   stack backtrace:
[INFO] [stderr]      0:     0x5603ab88e6b0 - std::backtrace_rs::backtrace::libunwind::trace::h452faf99f32e7c93
[INFO] [stderr]                                  at /rustc/72f88fc4e9458f89516a0b8b0868f3718aec5b47/library/std/src/../../backtrace/src/backtrace/libunwind.rs:96
[INFO] [stderr]      1:     0x5603ab88e6b0 - std::backtrace_rs::backtrace::trace_unsynchronized::he40edc71437667a1
[INFO] [stderr]                                  at /rustc/72f88fc4e9458f89516a0b8b0868f3718aec5b47/library/std/src/../../backtrace/src/backtrace/mod.rs:66
[INFO] [stderr]      2:     0x5603ab88e6b0 - std::sys_common::backtrace::_print_fmt::h6c51d6ade71f46bf
[INFO] [stderr]                                  at /rustc/72f88fc4e9458f89516a0b8b0868f3718aec5b47/library/std/src/sys_common/backtrace.rs:79
[INFO] [stderr]      3:     0x5603ab88e6b0 - <std::sys_common::backtrace::_print::DisplayBacktrace as core::fmt::Display>::fmt::h3cd15d7003dec37a
[INFO] [stderr]                                  at /rustc/72f88fc4e9458f89516a0b8b0868f3718aec5b47/library/std/src/sys_common/backtrace.rs:58
[INFO] [stderr]      4:     0x5603ab8af08c - core::fmt::write::h1857a60b204f1b6a
[INFO] [stderr]                                  at /rustc/72f88fc4e9458f89516a0b8b0868f3718aec5b47/library/core/src/fmt/mod.rs:1080
[INFO] [stderr]      5:     0x5603ab88a7d7 - std::io::Write::write_fmt::hac61caff894c35ae
[INFO] [stderr]                                  at /rustc/72f88fc4e9458f89516a0b8b0868f3718aec5b47/library/std/src/io/mod.rs:1517
[INFO] [stderr]      6:     0x5603ab891030 - std::sys_common::backtrace::_print::haa2f390fb7957e3e
[INFO] [stderr]                                  at /rustc/72f88fc4e9458f89516a0b8b0868f3718aec5b47/library/std/src/sys_common/backtrace.rs:61
[INFO] [stderr]      7:     0x5603ab891030 - std::sys_common::backtrace::print::h48c7cbbad9013bb1
[INFO] [stderr]                                  at /rustc/72f88fc4e9458f89516a0b8b0868f3718aec5b47/library/std/src/sys_common/backtrace.rs:48
[INFO] [stderr]      8:     0x5603ab891030 - std::panicking::default_hook::{{closure}}::h8b7ff05a31e71d55
[INFO] [stderr]                                  at /rustc/72f88fc4e9458f89516a0b8b0868f3718aec5b47/library/std/src/panicking.rs:208
[INFO] [stderr]      9:     0x5603ab890d7c - std::panicking::default_hook::h2f00c78800d98e4c
[INFO] [stderr]                                  at /rustc/72f88fc4e9458f89516a0b8b0868f3718aec5b47/library/std/src/panicking.rs:227
[INFO] [stderr]     10:     0x5603ab891693 - std::panicking::rust_panic_with_hook::h4eaa635e4694aef3
[INFO] [stderr]                                  at /rustc/72f88fc4e9458f89516a0b8b0868f3718aec5b47/library/std/src/panicking.rs:577
[INFO] [stderr]     11:     0x5603ab891269 - std::panicking::begin_panic_handler::{{closure}}::hec242f1b136b5ff2
[INFO] [stderr]                                  at /rustc/72f88fc4e9458f89516a0b8b0868f3718aec5b47/library/std/src/panicking.rs:484
[INFO] [stderr]     12:     0x5603ab88eb1c - std::sys_common::backtrace::__rust_end_short_backtrace::h1f3cc383ee6c0374
[INFO] [stderr]                                  at /rustc/72f88fc4e9458f89516a0b8b0868f3718aec5b47/library/std/src/sys_common/backtrace.rs:153
[INFO] [stderr]     13:     0x5603ab891229 - rust_begin_unwind
[INFO] [stderr]                                  at /rustc/72f88fc4e9458f89516a0b8b0868f3718aec5b47/library/std/src/panicking.rs:483
[INFO] [stderr]     14:     0x5603ab8911db - std::panicking::begin_panic_fmt::hebfdcd945bbd27b1
[INFO] [stderr]                                  at /rustc/72f88fc4e9458f89516a0b8b0868f3718aec5b47/library/std/src/panicking.rs:437
[INFO] [stderr]     15:     0x5603ab806987 - cmake::fail::h5ac34a445f962f17
[INFO] [stderr]                                  at /opt/rustwide/cargo-home/registry/src/github.com-1ecc6299db9ec823/cmake-0.1.44/src/lib.rs:885
[INFO] [stderr]     16:     0x5603ab8062cc - cmake::run::hdae76e59475531dd
[INFO] [stderr]                                  at /opt/rustwide/cargo-home/registry/src/github.com-1ecc6299db9ec823/cmake-0.1.44/src/lib.rs:863
[INFO] [stderr]     17:     0x5603ab802a3b - cmake::Config::build::h1f94ac9664857d70
[INFO] [stderr]                                  at /opt/rustwide/cargo-home/registry/src/github.com-1ecc6299db9ec823/cmake-0.1.44/src/lib.rs:769
[INFO] [stderr]     18:     0x5603ab7fe255 - build_script_build::main::h4e23cb39db540f36
[INFO] [stderr]                                  at /opt/rustwide/cargo-home/registry/src/github.com-1ecc6299db9ec823/wabt-sys-0.1.4/build.rs:7
[INFO] [stderr]     19:     0x5603ab7febcb - core::ops::function::FnOnce::call_once::ha20e66f5a305fff9
[INFO] [stderr]                                  at /rustc/72f88fc4e9458f89516a0b8b0868f3718aec5b47/library/core/src/ops/function.rs:227
[INFO] [stderr]     20:     0x5603ab7fd1de - std::sys_common::backtrace::__rust_begin_short_backtrace::h9dd185a090ea9d71
[INFO] [stderr]                                  at /rustc/72f88fc4e9458f89516a0b8b0868f3718aec5b47/library/std/src/sys_common/backtrace.rs:137
[INFO] [stderr]     21:     0x5603ab7fdf11 - std::rt::lang_start::{{closure}}::h34204c007d611fff
[INFO] [stderr]                                  at /rustc/72f88fc4e9458f89516a0b8b0868f3718aec5b47/library/std/src/rt.rs:66
[INFO] [stderr]     22:     0x5603ab891a91 - core::ops::function::impls::<impl core::ops::function::FnOnce<A> for &F>::call_once::hecc21eb9018cc197
[INFO] [stderr]                                  at /rustc/72f88fc4e9458f89516a0b8b0868f3718aec5b47/library/core/src/ops/function.rs:259
[INFO] [stderr]     23:     0x5603ab891a91 - std::panicking::try::do_call::h174ad655d084b5c7
[INFO] [stderr]                                  at /rustc/72f88fc4e9458f89516a0b8b0868f3718aec5b47/library/std/src/panicking.rs:381
[INFO] [stderr]     24:     0x5603ab891a91 - std::panicking::try::h479e6054ce28de10
[INFO] [stderr]                                  at /rustc/72f88fc4e9458f89516a0b8b0868f3718aec5b47/library/std/src/panicking.rs:345
[INFO] [stderr]     25:     0x5603ab891a91 - std::panic::catch_unwind::hb558ddea2b3e9c45
[INFO] [stderr]                                  at /rustc/72f88fc4e9458f89516a0b8b0868f3718aec5b47/library/std/src/panic.rs:382
[INFO] [stderr]     26:     0x5603ab891a91 - std::rt::lang_start_internal::h163149047f0a8b61
[INFO] [stderr]                                  at /rustc/72f88fc4e9458f89516a0b8b0868f3718aec5b47/library/std/src/rt.rs:51
[INFO] [stderr]     27:     0x5603ab7fdee7 - std::rt::lang_start::hef8d59126b9549bb
[INFO] [stderr]                                  at /rustc/72f88fc4e9458f89516a0b8b0868f3718aec5b47/library/std/src/rt.rs:65
[INFO] [stderr]     28:     0x5603ab7feb1a - main
[INFO] [stderr]     29:     0x7f1737d360b3 - __libc_start_main
[INFO] [stderr]     30:     0x5603ab7fd0ce - _start
[INFO] [stderr]     31:                0x0 - <unknown>
[INFO] running `Command { std: "docker" "inspect" "50fc0f62d0c5b639b5f49f78f83f12018d3c25eee117ce055610f45b05647b03", kill_on_drop: false }`
[INFO] running `Command { std: "docker" "rm" "-f" "50fc0f62d0c5b639b5f49f78f83f12018d3c25eee117ce055610f45b05647b03", kill_on_drop: false }`
[INFO] [stdout] 50fc0f62d0c5b639b5f49f78f83f12018d3c25eee117ce055610f45b05647b03
